*2 - 22*n - 23. Let r be m(24). Suppose r*h - 22*h = 0. Let w(x) = x**3 + x - 21. Give w(h).
-21
Let f = 1624 - 1618. Let o(v) = v**3 - 8*v**2 + 10*v. What is o(f)?
-12
Let o(i) be the third derivative of 1/3*i**3 - 10 + 2*i**2 - 5/24*i**4 + 0*i. Give o(5).
-23
Let z(v) = -8*v + 10*v - 8 + 4*v + 32 + 78. What is z(-19)?
-12
Let w(x) = 10*x**2 + 8*x - 13. Let f(n) = 14*n**2 + 8*n - 16. Let m(k) = 2*f(k) - 3*w(k). What is m(1)?
-3
Let q = 3268 + -3271. Let w(u) = -2*u - 8. What is w(q)?
-2
Let r be (-2)/3*6 + 2. Let j(d) = 9*d - 1. Let t(z) = 158 + 164 + z - 323. Let q(c) = j(c) - 4*t(c). Give q(r).
-7
Let j = -378 + 234. Let t be 0/1 + j/(-36). Let p(k) = -k**2 + 4*k - 6. Calculate p(t).
-6
Let k(s) = -13*s**2 + 23*s - 14. Let u(d) = -9*d**2 + 22*d - 11. Let l(q) = -2*k(q) + 3*u(q). Determine l(20).
-5
Suppose -1458 = -20*h - 1758. Let b(a) = a**3 + 13*a**2 - 30*a + 9. Give b(h).
9
Let i(q) = 10*q + 343. Suppose 4*d + 72*d + 2660 = 0. Give i(d).
-7
Let t(l) = 2*l**2 - 2*l**3 - 1576*l + 4*l**3 + 1584*l - l**3 + 2*l**2. Give t(-4).
-32
Let b be 448/(-36) - (-210)/(-378). Let h(u) = -u**3 - 12*u**2 + 13*u + 8. Calculate h(b).
8
Let u(x) = 18*x**2 - 1. Suppose 58041*d = 58039*d - 2. What is u(d)?
17
Let j(u) = 2*u**2 + 14*u - 14. Let c be j(-10). Let q = -28 + c. Let y = q + -10. Let d(w) = w**2 - 7*w - 10. What is d(y)?
-2
Let y(i) = -2*i**2 - 5*i - 3. Let q(v) = 2*v**2 - 7*v + 12. Let o be q(5). Let x be (0 + o - 1)/((-18)/63). Let c = x - -88. Give y(c).
-6
Let p(m) be the first derivative of 19*m**2/2 + m - 2. Let i = 33371 + -33372. What is p(i)?
-18
Let g(h) = -9*h - 101*h**2 - 5 - 95*h**2 - 8 + 206*h**2 - 3*h**3. Let p(k) = 2*k**3 - 9*k**2 + 9*k + 12. Let l(z) = -3*g(z) - 4*p(z). Give l(-7).
5
Suppose 6*a - 112 = 2*a. Let l = 23 - a. Let r(i) be the third derivative of -i**5/60 - 7*i**4/24 + i**3 + 105*i**2. Calculate r(l).
16
Let o(c) = -18*c + 42. Let f(t) = 51*t - 125. Let p(j) = -3*f(j) - 8*o(j). What is p(4)?
3
Let c(s) = -s**2 + 9*s + 36. Let l be c(12). Suppose l*k = -18*k - 72. Let m(z) = z**2 + 6*z + 5. Determine m(k).
-3
Let b(a) = 50*a - 17. Let q(n) = -32*n + 16. Let d(l) = -2*b(l) - 3*q(l). What is d(-3)?
-2
Let j(p) = 19084*p - 8 - 1 - 19083*p. Let g be 3*4/(-8) - 6/(-4). What is j(g)?
-9
Let k be 58 - (6/(-8))/(3/(-12)). Let g(d) = 2*d - 2*d - 52 - 2*d + k. What is g(7)?
-11
Let d = 644 - 641. Let o(w) = d - 26 + 1 - w + 6 + 2. What is o(-11)?
-3
Let u be 12/(-9)*(-2 + -1). Let g(i) be the first derivative of -9*i**2/2 + 4*i - 2477. Give g(u).
-32
Suppose -37*u - 5*u - 11*u + 636 = 0. Let n(b) be the second derivative of -u*b - b**2 - 1/2*b**3 + 0. Determine n(3).
-11
Let i(n) = 7096*n - 17 + 33 - 7081*n. Give i(-4).
-44
Let x(b) = b. Let v be (3 - 1)*2/(-4). Let u(m) = m**3 - 5*m**2 + 0*m**2 - 3 - 6*m - 1 + 9*m. Let c(z) = v*u(z) - 3*x(z). Calculate c(4).
-4
Let z(i) = 5*i**2 - 43*i + 24. Let b(p) = 16*p**2 - 144*p + 73. Let c(d) = 4*b(d) - 13*z(d). What is c(-15)?
10
Let d(a) = 3*a**2 - 14*a + 1. Let n(y) = -2*y**2 + 7*y. Let o(l) = 3*d(l) + 5*n(l). Let j = 21 + -26. Let c = j + -2. Determine o(c).
3
Let c(f) = -9*f - 17. Suppose 4*g - 3*b - 93 = 0, 2*g = 3*g + 3*b - 27. Suppose 3*t + 0*t = g. Let x(k) = 6*k + 11. Let h(d) = t*x(d) + 5*c(d). Calculate h(-3).
-6
Let b = 106 - 90. Suppose -b = -q - 15*q. Let n(k) = q - k + 7*k**2 - 3*k**2 - k**2 - 3. What is n(-2)?
12
Suppose 0 = -5*d - 2*f + 330, -5*d - f + 3*f = -350. Let q(c) = -d - 61 + 117 - 2*c. Determine q(-11).
10
Let d(k) = 4*k - 1. Suppose -29*b = 19507 - 2426. Let q = b + 595. Give d(q).
23
Let z(t) = 3*t - t**3 + 107*t**2 - 7*t + 5 + 97*t**2 - 210*t**2. Determine z(-5).
0
Let t(m) = -8*m + 7*m**2 + 2*m**3 - 3*m**3 + 2 + 3 - 1. Let n(h) = -h**3 + 2*h**2 + 9*h + 2. Let v be n(4). What is t(v)?
-8
Suppose -g = 8 - 2. Suppose 66*k - 28 = 62*k. Let w(d) = d**2 + 19*d + 7*d - 19*d + k. Give w(g).
1
Let m(r) be the third derivative of -25*r**4/12 - 241*r**3/6 + 2*r**2 + 3985. What is m(-5)?
9
Let s = 229 - 261. Let t = -40 - s. Let y(h) = h**3 + 7*h**2 - 11*h - 9. Determine y(t).
15
Let c(n) = 310*n - 979*n + 320*n + 2*n**2 + 314*n - 12. Calculate c(18).
6
Let z = -294 - -296. Let k(f) = -7 + z - 3 + 0 - f. What is k(0)?
-8
Let u(c) = -2*c**2 + 7*c - 3. Let h(w) = 6*w**2 - 7. Let o be h(-2). Suppose -o*x + 138 = 6*x. Give u(x).
-33
Let o(z) be the third derivative of z**6/30 - z**5/60 - 3*z**2. Let i be ((-2)/(8/(-39)))/(5/(-80)). Let d be 9/7 + (i/(-42) - 4). Determine o(d).
3
Let r be (0 + 3)/((-2520)/208 + 12). Let y(l) = -3*l - 80. Determine y(r).
-2
Let f(q) be the first derivative of -q**3/3 + 19*q**2/2 + 4*q - 938. Calculate f(20).
-16
Suppose 0 = c - 5, 4*k - 8*c + 35 = -5*c. Let d(z) = -z**3 - 5*z**2 + 7*z - 8. Give d(k).
-43
Let n(s) be the first derivative of 2*s**2 + 8*s + 3589. Determine n(-4).
-8
Let d(m) = 5*m**3 - 8*m**2 - 20*m - 5. Let b(q) = -17 + 19 + 4*q**2 + 18*q**3 + 11*q - 21*q**3. Let v(x) = 7*b(x) + 4*d(x). What is v(-3)?
-6
Let c be ((-6)/(-2))/(3/9). Let v be (-7 + 7 + 0)/1. Suppose v = r + 12 - c. Let k(x) = x**2 + 5*x - 1. What is k(r)?
-7
Let w(t) = -473 - 454 - 15*t - 10*t + 1105. Give w(7).
3
Let l(m) = -4 + m + 0*m + m - 4 + 18*m. Determine l(1).
12
Suppose -5*w + 41 - 4 + 38 = 0. Let m(b) = 2*b**2 - 32*b + 19. What is m(w)?
-11
Suppose -h - j = j - 13, -130 = -5*h + 3*j. Let u(f) = 3 - 55*f + 17*f + h*f + 16*f. Let s(m) = -m**3 + 2*m**2 + m + 4. Let n be s(3). Calculate u(n).
1
Suppose -119 = 57*h - 860. Let g(p) = -p**3 + 14*p**2 - 14*p + 2. Calculate g(h).
-11
Let o(a) be the third derivative of -a**4/24 + 4*a**3/3 - a**2. Let k(z) = 42*z - 92. Let u be k(-6). Let i = -338 - u. Determine o(i).
2
Let t(u) be the third derivative of u**4/3 - 44*u**3/3 - 2*u**2 - 76*u. Determine t(11).
0
Let a(z) = -z**3 - z**2 + z - 9. Let s be 9 + -30*(-18)/(-45). Give a(s).
6
Let c(y) = -y**2 - 3*y + 3. Let j be 0 - (-8)/(-52) - 11/13. Let i be -9*(j + 8/12). Suppose i*b + 2*b = -15. Calculate c(b).
3
Let y(i) be the third derivative of -i**6/120 - i**5/10 + 7*i**4/24 - 2*i**3/3 - 6*i**2 + 2. Suppose -31*v - 9 = -34*v. Suppose 11 + v = -2*p. Calculate y(p).
-4
Let a(r) = -r**2 + 8*r + 4. Let y be (-7)/((-693)/2655) + (-2)/(-11). Let p(h) = 7*h**2 + 2*h + 1. Let u be p(-1). Suppose -u*m + y = -9. What is a(m)?
16
Suppose 0 = 4*m + 4*q, 9*q = 4*m + 14*q. Let j(k) = -6 - 6*k + m*k + 16*k**3 - 17*k**3 + 0*k - 6*k**2. What is j(-5)?
-1
Let u(r) = -r**3 - 6*r**2 + 9*r + 5. Let h be (-5)/1 + (-90)/25*-5. Suppose -h = 4*x + 15. Give u(x).
-9
Let h(y) = -y**2 + 6*y - 14. Let s be h(-4). Let u be (-312)/(-162) - 4/s. Let x(f) = 7*f**2 + 2*f. Calculate x(u).
32
Let p(q) = 2*q**3 + 41*q**2 - 21*q + 18. Let s be 6/9*-189*(-6)/(-36). Give p(s).
18
Let c(q) be the third derivative of -q**4/24 - q**3/6 - 6*q**2. Let s be c(-1). Let n(v) = -v**3 - v**2 - 15. Calculate n(s).
-15
Let t = -60 - -20. Let g = t - -47. Suppose 11*k - g = 12*k. Let a(p) = -p**2 - 7*p + 8. Calculate a(k).
8
Suppose 11 = 5*o - 24. Suppose -o = 2*q + 5. Let s(n) = -9 + 91*n - 98*n - 5*n**2 - 8*n**2 + 12*n**2. What is s(q)?
-3
Let s(a) = 112 - a**2 + 82 + 0*a**2 + 103 - 355 + 17*a. What is s(10)?
12
Let f(b) = -b**3 - 15*b**2 - 3*b + 131. Let o be f(-14). Let g(w) = -w**2 - 26*w - 46. Determine g(o).
23
Let s(d) = d**3 - 7*d**2 - 9*d + 11. Let w be 1/14*12*(-140)/30*-2. Calculate s(w).
3
Let z(h) = -14*h**2 + 25*h + 17. Let j = -355 + 353. Let y(s) = 3*s**2 - 6*s - 4. Let l(d) = j*z(d) - 9*y(d). Calculate l(-3).
-1
Let y(f) = -f**2 - f + 2. Let q be 312/8 - 18/3. Let l be 1*-9*11/q. Calculate y(l).
-4
Let y be (-29 + -1)*(-8 - (-110)/33). Let s be (20/(-14))/(20/y). Let q(k) = k**3 + 9*k**2 - 10*k - 1. Calculate q(s).
-1
Let a be 4*(0 + -1)*-1. Let u(w) = -8*w + 74. Let m be u(9). Let c(b) = -m*b**2 + 81*b - 50*b - 29*b - 1. What is c(a)?
-25
Suppose -3*h + 19 = 28. Let t be 14 - 14/(h + 5). Let w(s) = s - 8. Calculate w(t).
-1
Let n = 113 + -119. Let m(v) = -7*v**2 + v + 6. Let j(z) = -6*z**2 + 2*z + 6. Let i(h) = n*j(h) + 5*m(h). What is i(8)?
2
Let v(z) = 13*z**3 + 50*z**2 - 120*z - 49. Let o(q) = 3*q**3 + 12*q**2 - 28*q - 12. Let j(u) = 9*o(u) - 2*v(u). Calculate j(-9).
17
Let q(f) = f**3 + 5*f**2 - 5*f. Let p be q(-6). Let c(k) be the second derivative of 4 - 1/12*k**4 + 4*k**2 + 2*k - 2